/(-575)). Let l = w + 76. What is the tens digit of l?
3
Let t be 18/8 + 3/4. Suppose 0*z - 12 = t*z. Let b = z + 7. What is the units digit of b?
3
Let p(t) = 7*t + 19. What is the tens digit of p(7)?
6
Let m(b) = -11*b + 1. Let g(q) = -q - 9. Let y be g(-7). Let s(n) = -5*n. Let a(o) = y*m(o) + 5*s(o). What is the tens digit of a(-8)?
2
Suppose -5*x = -4*x - 4. Let b = x - -19. What is the units digit of b?
3
Suppose 17*g = 1333 + 2407. What is the units digit of g?
0
Let s = -8 + 10. Suppose 0 = -2*o + o + 3. Suppose -5*c - 3*p = -s*p - 2, -2*p - o = 3*c. What is the units digit of c?
1
Let d(z) = 9*z**2 + 2*z + 3. Let f be d(3). Suppose -f = -9*l + 4*l. What is the tens digit of l?
1
Suppose 10*y = 6*y + 12. What is the units digit of (-1)/y + (-492)/(-18)?
7
Let u(n) = -9*n - 1. Let j be u(-1). Let w = -6 + j. What is the units digit of w?
2
Let n(m) = 2*m + 1. Let h be n(7). Suppose 72 - h = 3*o. What is the tens digit of o?
1
Suppose 0 = -4*s + 155 + 173. What is the tens digit of s?
8
What is the tens digit of (-6)/(-15) - (-103)/5?
2
Suppose 2*w = 4*u - 7 - 7, -5 = 5*u + 5*w. What is the units digit of (-1 + 2)/(1/u)?
2
Suppose 0 = -5*h + 299 + 166. What is the tens digit of h?
9
Suppose 0 = 3*c - 0*c - 4*l - 303, 6 = -2*l. What is the units digit of c?
7
What is the units digit of (-5)/15*9*-27?
1
Let y(u) = -9*u + 1. What is the tens digit of y(-4)?
3
Let v(k) = -k - 1. Let c(j) = 3*j - 1. Let g(i) = c(i) + v(i). Let n be g(3). Let z(q) = -q**3 + 4*q**2 + 2*q - 6. What is the units digit of z(n)?
2
Let l = 160 - 110. Let f = l - 33. What is the units digit of f?
7
Let i = 77 + 4. What is the units digit of i?
1
Let b = -7 - -1. What is the tens digit of 19/((2/b)/(-1))?
5
Let r be ((-3 + 1)*-2)/2. Suppose 3*o - 4*j - 38 = 0, -2*o - r*j + 15 = -1. What is the units digit of o?
0
Suppose -4 = j - 4*d, 5*d = 3*j + 2*j - 10. Suppose -3*o + 0*t + 57 = j*t, -5*o + 4*t + 127 = 0. What is the units digit of o?
3
Let m be 5 + (0 - -1) - 3. Suppose -m*a + 1 = -20. What is the units digit of a?
7
Let q(f) = -f**2. Let h(w) = w**2 + 5*w + 3. Let c(p) = -h(p) - 2*q(p). What is the tens digit of c(9)?
3
Suppose 7*r - 183 = 4*r. What is the tens digit of r?
6
Let u(y) = -y + 3. Let v be u(0). Suppose v*b = -b. Let f = b - -4. What is the units digit of f?
4
Suppose 19 = -p - 107. Let s be (-1)/(-5) - p/45. Suppose s*m = -2*m + 70. What is the units digit of m?
4
Let a(p) = -p**3 - 7*p**2 + 5*p - 9. Let s be a(-8). Let w be ((-6)/s)/(2/(-10)). Suppose 9 = n + w*n. What is the units digit of n?
3
What is the tens digit of 3/(-9)*1*-57?
1
Suppose 0 = 46*r - 42*r - 60. What is the tens digit of r?
1
Let y = -3 - -6. Let d(w) = -3*w + 4. Let a be d(y). What is the units digit of 6/(-15) - 102/a?
0
Let c(m) = 9*m**3 + 2*m**2 + 3*m. Let r(o) = o**3 + o - 1. Let k(w) = -c(w) + r(w). Suppose 4*i - 4*u + u = -19, 3*u - 15 = 0. What is the units digit of k(i)?
7
Suppose 0*m - 60 = -2*m - j, -30 = -m + 3*j. What is the tens digit of (6/(-15))/((-1)/m)?
1
Suppose p = t + t + 172, 521 = 3*p - t. What is the hundreds digit of p?
1
Suppose 0 = 2*l - 4*o - 438, 4*l - 615 = 5*o + 255. What is the units digit of l?
5
What is the units digit of 1*3/((-3)/(-46))?
6
What is the units digit of (-4 + -55)*1*-3?
7
What is the tens digit of (-64 - 6/(-2))*-2?
2
Let y(t) = t - 2. Let m be y(-8). Let i = 14 + m. What is the units digit of (-6)/i*(-12)/9?
2
Let i = 20 - 19. What is the units digit of ((-2)/(-4))/(i/24)?
2
Let t = 7 - 4. Let p(y) = -y**3 + 3*y**2 - 2*y + 3. Let f be p(t). What is the units digit of 16/f*6/(-2)?
6
Suppose 2*l + 3*l - 4*i = 16, 4*l + 3*i = 19. Suppose -3*p = 2*b + 4, 4 - 22 = -l*p + 2*b. What is the units digit of p?
2
Let l(h) = h**2 + 6*h + 2. Let g be l(-6). Let v(z) = z - 6*z**g - 4 - z**3 - 7*z + z**2. What is the units digit of v(-4)?
4
Let q be 10/35 + (-200)/14. Let m(h) = h**2 - 2*h - 1. Let c be m(2). Let v = c - q. What is the tens digit of v?
1
Suppose 5*f - 166 - 184 = 0. What is the units digit of f?
0
Let q = 5 + 7. What is the units digit of q?
2
Let s(k) be the first derivative of k**3/3 - k**2/2 + 6*k - 5. What is the units digit of s(0)?
6
Let z be (-24)/(-14) - 2/(-7). Let v = 2 - z. Suppose 5*u - 27 = -w - v*w, -5*u + 18 = 4*w. What is the units digit of u?
6
Let d = -71 - -301. What is the hundreds digit of d?
2
Let p = -6 - -21. What is the units digit of p?
5
Let k = 849 + -570. What is the units digit of k?
9
Let k = -198 + 299. Suppose 0 = -3*s - 32 + k. What is the units digit of s?
3
Suppose 0*x = 2*x. Let s be 3 + -1 + -22 + x. Let p = s + 32. What is the tens digit of p?
1
Let v(g) = -5*g**3 - 1. Let h(l) = l**2 - 10*l - 1. Let c be h(10). Let n be v(c). Suppose 0 = n*x - 8 - 8. What is the units digit of x?
4
Suppose -5 = -5*v - s - 4*s, 4*s - 8 = -5*v. Suppose 2*i - 9 - 9 = -3*b, 0 = v*i - b - 22. What is the units digit of i?
6
What is the units digit of (-135)/(-7) - (-18)/(-63)?
9
Suppose t - 4 + 2 = 0. Suppose -y - 3*k + 2*k + 3 = 0, t*k = -y + 8. What is the units digit of 1/(-2) - 19/y?
9
Let s(p) = -3*p - 6. Let n(k) = -1. Let g(w) = -3*n(w) + s(w). What is the units digit of g(-2)?
3
Let i(v) = v**2 - 5*v - 2. Let s be i(8). Let z = 2 + s. Suppose -4*d = -0*d - z. What is the units digit of d?
6
Suppose -3*r + 8 = -1, 3*w - 135 = r. What is the units digit of w?
6
Suppose 0 = -5*u + 2*t + 106, -77 = -4*u - t - 0*t. What is the units digit of u?
0
Let j(a) = -a**2 + 3*a + 3. Let f be j(3). Let w = 5 + f. What is the units digit of w?
8
Let f be (-56)/4*2/(-4). Suppose l - f*a + 2*a = -3, 4*a = 4. Suppose l*m - 44 = -3*c, -5*c - 10 = -6*c - 3*m. What is the tens digit of c?
1
Suppose -3*g - 64 = -4*c, 4*c + 0*g - 48 = -g. Suppose 5*n = 2 + c. Suppose -5*p + 0*w + 5*w + 60 = 0, 5*p = -n*w + 20. What is the units digit of p?
7
Let z = 4 + -3. Suppose 4*i + 3*q + 16 = -6, 0 = -3*q + 6. Let r = z - i. What is the units digit of r?
8
Suppose -r + 3*r = 6. Suppose r*o - 4 - 5 = 0. Let i = o + 0. What is the units digit of i?
3
Let y(o) = o**3 - o. Let k be y(0). Let q = 10 - k. What is the units digit of q?
0
Let r(y) = -y**3 + 4*y**2 + 6*y - 3. Let a be (-20)/6*9/(-6). Let h = 0 + a. What is the units digit of r(h)?
2
Let s be 6*(1 - 4/3). Let m = 7 + s. Suppose -5*k = -4*a + 24, -2*a + m*k + 4 = -18. What is the units digit of a?
1
Suppose 3*d + 5*r - 96 = 0, 4*d = 5*d - r - 32. What is the units digit of d?
2
Suppose 2*j - 36 = -3*j + 4*w, 5*w + 36 = 4*j. Suppose -t + j = 1. Suppose -8*g = -t*g - 15. What is the units digit of g?
3
Suppose 3*u = -2*h + 87, -u + 96 - 263 = -4*h. What is the units digit of h?
2
Let v(z) = -z**3 - 5*z**2 + 3. Let k be v(-5). Suppose k*p - 11 + 0 = -4*q, 19 = 5*q + 2*p. What is the units digit of q?
5
Suppose -3*h + 4 = -a - 1, 3*h - 3*a = 9. Let b = -74 - -76. What is the units digit of (-1 + b)*(h + 3)?
4
Let s be 34/9 + (-10)/(-45). Suppose s*c = 74 + 26. What is the tens digit of c?
2
Let c(m) = -3*m - 2. Let w be c(10). Let l = -21 - w. What is the tens digit of l/(-2)*(-3 - -1)?
1
Let t(o) be the third derivative of o**6/120 + o**5/12 - 7*o**4/24 + o**2. Let r be t(-6). Suppose -3*a + 27 = r. What is the units digit of a?
7
Let i = -9 + 7. What is the units digit of (i + 3)/1 - 0?
1
Let p = 2 + 0. Suppose -p*q - 35 = -7*q. What is the units digit of q?
7
What is the units digit of (-2 + 3)*2 + (-2560)/(-10)?
8
Suppose -3*b + 2 = 86. Let z = b + 40. What is the units digit of z?
2
Let r(a) = a**2 - 6*a - 8. Let p be 4/(-6)*(0 + -12). Let u be r(p). Let d = u + 4. What is the units digit of d?
2
Let g(v) = v**2 + 11*v + 15. Suppose 8*i - 3*i = -4*d - 34, 5*i - 2*d = -58. What is the units digit of g(i)?
5
Let h = -2 + 4. Suppose 3*c - 58 = -5*p, -2*p = p - h*c - 50. Suppose a = -a + p. What is the units digit of a?
7
Suppose 87 = -5*x - 2*z, 0 = -3*x - 2*x + 2*z - 83. What is the units digit of x*(-4 + (0 - -3))?
7
Let o = 38 + -55. Let w = -12 - o. Suppose -2*r = -w*r + 18. What is the units digit of r?
6
Let u(f) = -f**3 - 6*f**2 - 6*f - 4. Let m be u(-5). Suppose -m = 4*y - 209. What is the units digit of y?
2
Let r(h) = -h + 1. Let j be r(-1). Suppose 5*v = -3 - j. What is the units digit of ((-4)/12)/(v/24)?
8
Let l be (-12)/4 + 4 + -1. Suppose -n = 4*f - 127, n + 121